{"id":165,"date":"2015-10-29T17:44:16","date_gmt":"2015-10-29T17:44:16","guid":{"rendered":"http:\/\/alibis.in-berlin.de:8181\/?page_id=165"},"modified":"2020-12-18T10:25:21","modified_gmt":"2020-12-18T10:25:21","slug":"dokumente","status":"publish","type":"page","link":"https:\/\/bioenergie-kleinseelheim.de\/index.php\/dokumente\/","title":{"rendered":"Dokumente und Formulare"},"content":{"rendered":"<p><a href=\"http:\/\/bioenergie-kleinseelheim.de\/index.php\/entstehung\/\">weiter zu Entstehung<\/a><\/p>\n<h3 style=\"text-align: left;\"><strong>Formulare<\/strong><\/h3>\n<p><a href=\"http:\/\/bioenergie-kleinseelheim.de\/wp-content\/uploads\/2015\/10\/Vollmacht.pdf\">Vollmacht<\/a> (falls Sie nicht zu einer Versammlung kommen k\u00f6nnen)<\/p>\n<h3>\u00a0Vertr\u00e4ge<\/h3>\n<p><a href=\"http:\/\/bioenergie-kleinseelheim.de\/wp-content\/uploads\/2017\/12\/AVB_Fernw\u00e4rmeV.pdf\">AVB_Fernw\u00e4rmeV<\/a><\/p>\n<h3>Satzung<\/h3>\n<p><a href=\"http:\/\/bioenergie-kleinseelheim.de\/wp-content\/uploads\/2015\/10\/20161013_ge\u00e4nderte_Gr\u00fcndungssatzung.pdf\">20161013_geanderte_grundungssatzung<\/a><\/p>\n<p><a href=\"http:\/\/bioenergie-kleinseelheim.de\/wp-content\/uploads\/2020\/11\/Beiblatt-Satzungs\u00e4nderungen-bis-5.12.2019.pdf\">Beiblatt Satzungs\u00e4nderungen bis 5.12.2019<\/a><\/p>\n","protected":false},"excerpt":{"rendered":"<p>weiter zu Entstehung Formulare Vollmacht (falls Sie nicht zu einer Versammlung kommen k\u00f6nnen) \u00a0Vertr\u00e4ge AVB_Fernw\u00e4rmeV Satzung 20161013_geanderte_grundungssatzung Beiblatt Satzungs\u00e4nderungen bis 5.12.2019<\/p>\n","protected":false},"author":3,"featured_media":0,"parent":0,"menu_order":0,"comment_status":"closed","ping_status":"closed","template":"","meta":{"footnotes":""},"class_list":["post-165","page","type-page","status-publish","hentry"],"_links":{"self":[{"href":"https:\/\/bioenergie-kleinseelheim.de\/index.php\/wp-json\/wp\/v2\/pages\/165","targetHints":{"allow":["GET"]}}],"collection":[{"href":"https:\/\/bioenergie-kleinseelheim.de\/index.php\/wp-json\/wp\/v2\/pages"}],"about":[{"href":"https:\/\/bioenergie-kleinseelheim.de\/index.php\/wp-json\/wp\/v2\/types\/page"}],"author":[{"embeddable":true,"href":"https:\/\/bioenergie-kleinseelheim.de\/index.php\/wp-json\/wp\/v2\/users\/3"}],"replies":[{"embeddable":true,"href":"https:\/\/bioenergie-kleinseelheim.de\/index.php\/wp-json\/wp\/v2\/comments?post=165"}],"version-history":[{"count":27,"href":"https:\/\/bioenergie-kleinseelheim.de\/index.php\/wp-json\/wp\/v2\/pages\/165\/revisions"}],"predecessor-version":[{"id":1914,"href":"https:\/\/bioenergie-kleinseelheim.de\/index.php\/wp-json\/wp\/v2\/pages\/165\/revisions\/1914"}],"wp:attachment":[{"href":"https:\/\/bioenergie-kleinseelheim.de\/index.php\/wp-json\/wp\/v2\/media?parent=165"}],"curies":[{"name":"wp","href":"https:\/\/api.w.org\/{rel}","templated":true}]}}