{"id":168,"date":"2015-10-29T18:04:04","date_gmt":"2015-10-29T18:04:04","guid":{"rendered":"http:\/\/alibis.in-berlin.de:8181\/?page_id=168"},"modified":"2020-12-18T10:28:42","modified_gmt":"2020-12-18T10:28:42","slug":"konzept","status":"publish","type":"page","link":"https:\/\/bioenergie-kleinseelheim.de\/index.php\/konzept\/","title":{"rendered":"Konzept"},"content":{"rendered":"<p><a href=\"http:\/\/bioenergie-kleinseelheim.de\/index.php\/energietrager\/\">weiter zu Energietr\u00e4ger<\/a><\/p>\n<h3>Das Angebot der EAM EnergiePlus:<\/h3>\n<p><b style=\"color: #ff0000;\">Heizungs- und Warmwasserversorgung f\u00fcr jedes Haus \u00fcber einen Anschluss an das Nahw\u00e4rmenetz<br \/>\n<\/b><\/p>\n<p><em>(Bitte beachten Sie, dass auch das Nahw\u00e4rmenetz, das laut Zeichnung der Genossenschaft geh\u00f6rt, sich jetzt im Besitz der EAM befindet)<\/em><\/p>\n<p>&nbsp;<\/p>\n<p><a href=\"http:\/\/bioenergie-kleinseelheim.de\/wp-content\/uploads\/2015\/10\/EAM-KOnzept.jpg\"><img loading=\"lazy\" decoding=\"async\" class=\"aligncenter wp-image-683 size-large\" src=\"http:\/\/bioenergie-kleinseelheim.de\/wp-content\/uploads\/2015\/10\/EAM-KOnzept-1024x706.jpg\" alt=\"EAM-KOnzept\" width=\"780\" height=\"538\" srcset=\"https:\/\/bioenergie-kleinseelheim.de\/wp-content\/uploads\/2015\/10\/EAM-KOnzept-1024x706.jpg 1024w, https:\/\/bioenergie-kleinseelheim.de\/wp-content\/uploads\/2015\/10\/EAM-KOnzept-300x207.jpg 300w, https:\/\/bioenergie-kleinseelheim.de\/wp-content\/uploads\/2015\/10\/EAM-KOnzept.jpg 1190w\" sizes=\"auto, (max-width: 780px) 100vw, 780px\" \/><\/a><\/p>\n<p><b>Inklusive:<\/b><\/p>\n<ul>\n<li>Anschluss auf eigenem Grundst\u00fcck, Wanddurchbruch, W\u00e4rme\u00fcbergabestation<\/li>\n<li>kein gesonderter Warmwasserspeicher mehr n\u00f6tig<br \/>\n(der vorhandene kann jedoch weiter genutzt bzw. ein neuer eingebaut werden)<\/li>\n<li>R\u00fccklagen f\u00fcr Reparaturen und Anlageerneuerung<\/li>\n<li>Wartung, Versicherung etc.<\/li>\n<li>Bei Abschluss eines entsprechenden Vertrages \u2013 verlegt die Telekom gleichzeitig einen zukunftssicheren, \u201esuperschnellen\u201c\u00a0 Internetanschluss (FTTH) gegen Zahlung der einmaligen Anschlussgeb\u00fchr von zurzeit 799 \u20ac.<strong><br \/>\n<\/strong><\/li>\n<\/ul>\n<p>&nbsp;<\/p>\n","protected":false},"excerpt":{"rendered":"<p>weiter zu Energietr\u00e4ger Das Angebot der EAM EnergiePlus: Heizungs- und Warmwasserversorgung f\u00fcr jedes Haus \u00fcber einen Anschluss an das Nahw\u00e4rmenetz (Bitte beachten Sie, dass auch das Nahw\u00e4rmenetz, das laut Zeichnung der Genossenschaft geh\u00f6rt, sich jetzt im Besitz der EAM befindet) &nbsp; Inklusive: Anschluss auf eigenem Grundst\u00fcck, Wanddurchbruch, W\u00e4rme\u00fcbergabestation kein gesonderter Warmwasserspeicher mehr n\u00f6tig (der vorhandene [&hellip;]<\/p>\n","protected":false},"author":3,"featured_media":0,"parent":0,"menu_order":0,"comment_status":"closed","ping_status":"closed","template":"","meta":{"footnotes":""},"class_list":["post-168","page","type-page","status-publish","hentry"],"_links":{"self":[{"href":"https:\/\/bioenergie-kleinseelheim.de\/index.php\/wp-json\/wp\/v2\/pages\/168","targetHints":{"allow":["GET"]}}],"collection":[{"href":"https:\/\/bioenergie-kleinseelheim.de\/index.php\/wp-json\/wp\/v2\/pages"}],"about":[{"href":"https:\/\/bioenergie-kleinseelheim.de\/index.php\/wp-json\/wp\/v2\/types\/page"}],"author":[{"embeddable":true,"href":"https:\/\/bioenergie-kleinseelheim.de\/index.php\/wp-json\/wp\/v2\/users\/3"}],"replies":[{"embeddable":true,"href":"https:\/\/bioenergie-kleinseelheim.de\/index.php\/wp-json\/wp\/v2\/comments?post=168"}],"version-history":[{"count":30,"href":"https:\/\/bioenergie-kleinseelheim.de\/index.php\/wp-json\/wp\/v2\/pages\/168\/revisions"}],"predecessor-version":[{"id":1917,"href":"https:\/\/bioenergie-kleinseelheim.de\/index.php\/wp-json\/wp\/v2\/pages\/168\/revisions\/1917"}],"wp:attachment":[{"href":"https:\/\/bioenergie-kleinseelheim.de\/index.php\/wp-json\/wp\/v2\/media?parent=168"}],"curies":[{"name":"wp","href":"https:\/\/api.w.org\/{rel}","templated":true}]}}