{"id":1775,"date":"2019-08-10T14:54:06","date_gmt":"2019-08-10T14:54:06","guid":{"rendered":"http:\/\/bioenergie-kleinseelheim.de\/?page_id=1775"},"modified":"2019-08-10T15:14:27","modified_gmt":"2019-08-10T15:14:27","slug":"einweihung-und-tag-der-offenen-tur","status":"publish","type":"page","link":"https:\/\/bioenergie-kleinseelheim.de\/index.php\/einweihung-und-tag-der-offenen-tur\/","title":{"rendered":"Einweihung und Tag der offenen T\u00fcr"},"content":{"rendered":"<p>Am 9. August 2019 wurde gefeiert.<\/p>\n<p>Hier einige Eindr\u00fccke:<\/p>\n<p>Siehe auch <a href=\"http:\/\/www.kleinseelheim.de\/bioenergiedorf\/\" target=\"_blank\" rel=\"noopener\">hier<\/a><\/p>\n<div id=\"wondercarousellightbox_options\" data-skinsfoldername=\"\"  data-jsfolder=\"https:\/\/bioenergie-kleinseelheim.de\/wp-content\/plugins\/wonderplugin-carousel\/engine\/\" style=\"display:none;\"><\/div>\r\n<style type=\"text\/css\">@import url(https:\/\/fonts.googleapis.com\/css?family=Open+Sans);  #wonderplugincarousel-7 .amazingcarousel-image {\t \tposition: relative; \tpadding: 4px; \tbackground-color: #fff; \t-moz-box-shadow:  0 1px 4px rgba(0, 0, 0, 0.2); \t-webkit-box-shadow: 0 1px 4px rgba(0, 0, 0, 0.2); \tbox-shadow: 0 1px 4px rgba(0, 0, 0, 0.2); }  #wonderplugincarousel-7 .amazingcarousel-image img { \tdisplay: block; \twidth: 100%; \tmax-width: 100%; \tborder: 0; \tmargin: 0; \tpadding: 0; \t-moz-border-radius: 0px; \t-webkit-border-radius: 0px; \tborder-radius: 0px; }  #wonderplugincarousel-7 .amazingcarousel-title { \tposition:relative; \tfont: bold 12px \"Open Sans\", sans-serif; \tcolor:#333333; \tmargin:6px; \ttext-align:left; \tline-height: 14px; \toverflow: hidden; }  #wonderplugincarousel-7 .amazingcarousel-description { \tposition:relative; \tfont: 12px \"Open Sans\", sans-serif; \tcolor:#333333; \tmargin:6px; \ttext-align:left; \tline-height: 14px;\t\t \toverflow: hidden; }  #wonderplugincarousel-7 .amazingcarousel-list-container {  \tpadding: 8px 0; }  #wonderplugincarousel-7 .amazingcarousel-item-container { \ttext-align: center; \tpadding: 4px; }  #wonderplugincarousel-7 .amazingcarousel-prev { \tleft: 0%; \ttop: 50%; \tmargin-left: -60px; \tmargin-top: -24px; }  #wonderplugincarousel-7 .amazingcarousel-next { \tright: 0%; \ttop: 50%; \tmargin-right: -60px; \tmargin-top: -24px; }  #wonderplugincarousel-7 .amazingcarousel-nav { \tposition: absolute; \twidth: 100%; \ttop: 100%; }  #wonderplugincarousel-7 .amazingcarousel-bullet-wrapper { \tmargin: 4px auto; }<\/style><div class=\"wonderplugincarousel\" id=\"wonderplugincarousel-7\" data-carouselid=\"7\" data-width=\"240\" data-height=\"180\" data-skin=\"gallery\" data-fixaspectratio=\"true\" data-autoplay=\"true\" data-random=\"false\" data-circular=\"true\" data-pauseonmouseover=\"true\" data-continuous=\"false\" data-responsive=\"true\" data-showhoveroverlay=\"true\" data-showhoveroverlayalways=\"false\" data-hidehoveroverlayontouch=\"false\" data-lightboxresponsive=\"true\" data-lightboxshownavigation=\"false\" data-lightboxnogroup=\"false\" data-lightboxshowtitle=\"true\" data-lightboxshowdescription=\"false\" data-usescreenquery=\"false\" data-donotinit=\"false\" data-addinitscript=\"false\" data-rownumber=\"1\" data-visibleitems=\"3\" data-arrowstyle=\"always\" data-arrowimage=\"arrows-48-48-2.png\" data-arrowwidth=\"48\" data-arrowheight=\"48\" data-navstyle=\"bullets\" data-navimage=\"bullet-16-16-0.png\" data-navwidth=\"16\" data-navheight=\"16\" data-navspacing=\"8\" data-hoveroverlayimage=\"hoveroverlay-64-64-5.png\" data-lightboxthumbwidth=\"90\" data-lightboxthumbheight=\"60\" data-lightboxthumbtopmargin=\"12\" data-lightboxthumbbottommargin=\"4\" data-lightboxbarheight=\"64\" data-lightboxtitlebottomcss=\"{color:#333; font-size:14px; font-family:Armata,sans-serif,Arial; overflow:hidden; text-align:left;}\" data-lightboxdescriptionbottomcss=\"{color:#333; font-size:12px; font-family:Arial,Helvetica,sans-serif; overflow:hidden; text-align:left; margin:4px 0px 0px; padding: 0px;}\" data-continuousduration=\"2500\" data-scrollmode=\"page\" data-interval=\"3000\" data-transitionduration=\"1073\" data-screenquery='{ \"tablet\": { \"screenwidth\": 900, \"visibleitems\": 2 }, \"mobile\": { \"screenwidth\": 600, \"visibleitems\": 1 } }' data-jsfolder=\"https:\/\/bioenergie-kleinseelheim.de\/wp-content\/plugins\/wonderplugin-carousel\/engine\/\" style=\"display:none;position:relative;margin:0 auto;width:100%;max-width:720px;\" ><div class=\"amazingcarousel-list-container\" style=\"overflow:hidden;\"><ul class=\"amazingcarousel-list\"><li class=\"amazingcarousel-item\"><div class=\"amazingcarousel-item-container\"><div class=\"amazingcarousel-image\"><a href=\"http:\/\/bioenergie-kleinseelheim.de\/wp-content\/uploads\/2019\/08\/viele-G\u00e4ste.jpg\" title=\"G\u00e4ste\" data-description=\"Unter den G\u00e4sten des Tags der offenen T\u00fcr waren Vertreter der am Bau beteiligten Firmen, der Kommunalpolitik und der Stadtverwaltung Kirchhain sowie mehrere Delegationen aus den umliegenden Bioenergied\u00f6rfern.\" data-thumbnail=\"http:\/\/bioenergie-kleinseelheim.de\/wp-content\/uploads\/2019\/08\/viele-G\u00e4ste-300x146.jpg\" class=\"wondercarousellightbox wondercarousellightbox-7\" data-group=\"wondercarousellightbox-7\"><img decoding=\"async\" src=\"http:\/\/bioenergie-kleinseelheim.de\/wp-content\/uploads\/2019\/08\/viele-G\u00e4ste.jpg\" alt=\"G\u00e4ste\" data-description=\"Unter den G\u00e4sten des Tags der offenen T\u00fcr waren Vertreter der am Bau beteiligten Firmen, der Kommunalpolitik und der Stadtverwaltung Kirchhain sowie mehrere Delegationen aus den umliegenden Bioenergied\u00f6rfern.\" \/><\/a><\/div>\n<div class=\"amazingcarousel-title\">G\u00e4ste<\/div>\n<div class=\"amazingcarousel-description\">Unter den G\u00e4sten des Tags der offenen T\u00fcr waren Vertreter der am Bau beteiligten Firmen, der Kommunalpolitik und der Stadtverwaltung Kirchhain sowie mehrere Delegationen aus den umliegenden Bioenergied\u00f6rfern.<\/div><\/div><\/li><li class=\"amazingcarousel-item\"><div class=\"amazingcarousel-item-container\"><div class=\"amazingcarousel-image\"><a href=\"http:\/\/bioenergie-kleinseelheim.de\/wp-content\/uploads\/2019\/08\/Er\u00f6ffnung-durch-die-Vorstandsvorsitzende-Frau-Ulrike-Simon.jpg\" title=\"Er\u00f6ffnung durch die Vorstandsvorsitzende Frau Ulrike Simon\" data-description=\"Frau Ulrike Simon, Vorstandsvorsitzende der Bioenergiegenossenschaft, bedankte sich bei allen G\u00e4sten (und denen, die nicht dabei sein konnten) f\u00fcr die ideelle Unterst\u00fctzung, praktische Arbeit und Kooperation bei der Umsetzung des Projekts und das Ertragen der Unannehmlichkeiten w\u00e4hrend der Bauphase.\" data-thumbnail=\"http:\/\/bioenergie-kleinseelheim.de\/wp-content\/uploads\/2019\/08\/Er\u00f6ffnung-durch-die-Vorstandsvorsitzende-Frau-Ulrike-Simon-300x146.jpg\" class=\"wondercarousellightbox wondercarousellightbox-7\" data-group=\"wondercarousellightbox-7\"><img decoding=\"async\" src=\"http:\/\/bioenergie-kleinseelheim.de\/wp-content\/uploads\/2019\/08\/Er\u00f6ffnung-durch-die-Vorstandsvorsitzende-Frau-Ulrike-Simon.jpg\" alt=\"Er\u00f6ffnung durch die Vorstandsvorsitzende Frau Ulrike Simon\" data-description=\"Frau Ulrike Simon, Vorstandsvorsitzende der Bioenergiegenossenschaft, bedankte sich bei allen G\u00e4sten (und denen, die nicht dabei sein konnten) f\u00fcr die ideelle Unterst\u00fctzung, praktische Arbeit und Kooperation bei der Umsetzung des Projekts und das Ertragen der Unannehmlichkeiten w\u00e4hrend der Bauphase.\" \/><\/a><\/div>\n<div class=\"amazingcarousel-title\">Er\u00f6ffnung durch die Vorstandsvorsitzende Frau Ulrike Simon<\/div>\n<div class=\"amazingcarousel-description\">Frau Ulrike Simon, Vorstandsvorsitzende der Bioenergiegenossenschaft, bedankte sich bei allen G\u00e4sten (und denen, die nicht dabei sein konnten) f\u00fcr die ideelle Unterst\u00fctzung, praktische Arbeit und Kooperation bei der Umsetzung des Projekts und das Ertragen der Unannehmlichkeiten w\u00e4hrend der Bauphase.<\/div><\/div><\/li><li class=\"amazingcarousel-item\"><div class=\"amazingcarousel-item-container\"><div class=\"amazingcarousel-image\"><a href=\"http:\/\/bioenergie-kleinseelheim.de\/wp-content\/uploads\/2019\/08\/Gru\u00dfwort-von-Landr\u00e4tin-Kerstin-Fr\u00fcndt.jpg\" title=\"Gru\u00dfwort von Landr\u00e4tin Kerstin Fr\u00fcndt\" data-description=\"Landr\u00e4tin Kerstin Fr\u00fcndt begr\u00fc\u00dfte das gro\u00dfe, teils, wie sie wisse, auch kraftraubende ehrenamtliche Engagement des Vorstandes der Bioenergiegenossenschaft und betonte dass der Landkreis stolz auf die nunmehr 11 Bioenergied\u00f6rfer im Landkreis (mit 2-3 weiteren in der Vorbereitung) sein k\u00f6nne, die sich weiterhin ihrer vollen Unterst\u00fctzung sicher sein k\u00f6nnten. Hier k\u00f6nne jede\/r Einzelne konkret einen Beitrag zum Klimaschutz leisten.\" data-thumbnail=\"http:\/\/bioenergie-kleinseelheim.de\/wp-content\/uploads\/2019\/08\/Gru\u00dfwort-von-Landr\u00e4tin-Kerstin-Fr\u00fcndt-300x146.jpg\" class=\"wondercarousellightbox wondercarousellightbox-7\" data-group=\"wondercarousellightbox-7\"><img decoding=\"async\" src=\"http:\/\/bioenergie-kleinseelheim.de\/wp-content\/uploads\/2019\/08\/Gru\u00dfwort-von-Landr\u00e4tin-Kerstin-Fr\u00fcndt.jpg\" alt=\"Gru\u00dfwort von Landr\u00e4tin Kerstin Fr\u00fcndt\" data-description=\"Landr\u00e4tin Kerstin Fr\u00fcndt begr\u00fc\u00dfte das gro\u00dfe, teils, wie sie wisse, auch kraftraubende ehrenamtliche Engagement des Vorstandes der Bioenergiegenossenschaft und betonte dass der Landkreis stolz auf die nunmehr 11 Bioenergied\u00f6rfer im Landkreis (mit 2-3 weiteren in der Vorbereitung) sein k\u00f6nne, die sich weiterhin ihrer vollen Unterst\u00fctzung sicher sein k\u00f6nnten. Hier k\u00f6nne jede\/r Einzelne konkret einen Beitrag zum Klimaschutz leisten.\" \/><\/a><\/div>\n<div class=\"amazingcarousel-title\">Gru\u00dfwort von Landr\u00e4tin Kerstin Fr\u00fcndt<\/div>\n<div class=\"amazingcarousel-description\">Landr\u00e4tin Kerstin Fr\u00fcndt begr\u00fc\u00dfte das gro\u00dfe, teils, wie sie wisse, auch kraftraubende ehrenamtliche Engagement des Vorstandes der Bioenergiegenossenschaft und betonte dass der Landkreis stolz auf die nunmehr 11 Bioenergied\u00f6rfer im Landkreis (mit 2-3 weiteren in der Vorbereitung) sein k\u00f6nne, die sich weiterhin ihrer vollen Unterst\u00fctzung sicher sein k\u00f6nnten. Hier k\u00f6nne jede\/r Einzelne konkret einen Beitrag zum Klimaschutz leisten.<\/div><\/div><\/li><li class=\"amazingcarousel-item\"><div class=\"amazingcarousel-item-container\"><div class=\"amazingcarousel-image\"><a href=\"http:\/\/bioenergie-kleinseelheim.de\/wp-content\/uploads\/2019\/08\/Gru\u00dfwort-von-Stadtradt-Hans-J\u00fcrgen-Sitt.jpg\" title=\"Gru\u00dfwort von Stadtradt Hans-J\u00fcrgen Sitt\" data-description=\"Stadtrat Hans-J\u00fcrgen Sitt \u00fcberbrachte die Gr\u00fc\u00dfe von B\u00fcrgermeister Olaf Hausmann und w\u00fcrdigte das gro\u00dfartige Projekt zur CO2 neutralen Nahw\u00e4rmeversorgung, das er von Anfang an wohlwollend begleitet habe, mit den Worten Erich K\u00e4stners: \u201eEs gibt nichts Gutes, au\u00dfer man tut es.\u201c\" data-thumbnail=\"http:\/\/bioenergie-kleinseelheim.de\/wp-content\/uploads\/2019\/08\/Gru\u00dfwort-von-Stadtradt-Hans-J\u00fcrgen-Sitt-300x146.jpg\" class=\"wondercarousellightbox wondercarousellightbox-7\" data-group=\"wondercarousellightbox-7\"><img decoding=\"async\" src=\"http:\/\/bioenergie-kleinseelheim.de\/wp-content\/uploads\/2019\/08\/Gru\u00dfwort-von-Stadtradt-Hans-J\u00fcrgen-Sitt.jpg\" alt=\"Gru\u00dfwort von Stadtradt Hans-J\u00fcrgen Sitt\" data-description=\"Stadtrat Hans-J\u00fcrgen Sitt \u00fcberbrachte die Gr\u00fc\u00dfe von B\u00fcrgermeister Olaf Hausmann und w\u00fcrdigte das gro\u00dfartige Projekt zur CO2 neutralen Nahw\u00e4rmeversorgung, das er von Anfang an wohlwollend begleitet habe, mit den Worten Erich K\u00e4stners: \u201eEs gibt nichts Gutes, au\u00dfer man tut es.\u201c\" \/><\/a><\/div>\n<div class=\"amazingcarousel-title\">Gru\u00dfwort von Stadtradt Hans-J\u00fcrgen Sitt<\/div>\n<div class=\"amazingcarousel-description\">Stadtrat Hans-J\u00fcrgen Sitt \u00fcberbrachte die Gr\u00fc\u00dfe von B\u00fcrgermeister Olaf Hausmann und w\u00fcrdigte das gro\u00dfartige Projekt zur CO2 neutralen Nahw\u00e4rmeversorgung, das er von Anfang an wohlwollend begleitet habe, mit den Worten Erich K\u00e4stners: \u201eEs gibt nichts Gutes, au\u00dfer man tut es.\u201c<\/div><\/div><\/li><li class=\"amazingcarousel-item\"><div class=\"amazingcarousel-item-container\"><div class=\"amazingcarousel-image\"><a href=\"http:\/\/bioenergie-kleinseelheim.de\/wp-content\/uploads\/2019\/08\/Gru\u00dfwort-von-Andreas-Bartsch-Sparkasse.jpg\" title=\"Gru\u00dfwort von Andreas Bartsch, Sparkasse\" data-description=\"Herr Andreas Bartsch, Gesch\u00e4ftsf\u00fchrer der Sparkasse Marburg-Biedenkopf, erkl\u00e4rte, dass sein Institut das Kleinseelheim Klimaschutz-Projekt gerne begleitet. Dies sei nicht nur Gesch\u00e4ft sondern auch Herzensangelegenheit im Sinne seiner eigenen Kinder und zuk\u00fcnftiger Generationen.\" data-thumbnail=\"http:\/\/bioenergie-kleinseelheim.de\/wp-content\/uploads\/2019\/08\/Gru\u00dfwort-von-Andreas-Bartsch-Sparkasse-300x146.jpg\" class=\"wondercarousellightbox wondercarousellightbox-7\" data-group=\"wondercarousellightbox-7\"><img decoding=\"async\" src=\"http:\/\/bioenergie-kleinseelheim.de\/wp-content\/uploads\/2019\/08\/Gru\u00dfwort-von-Andreas-Bartsch-Sparkasse.jpg\" alt=\"Gru\u00dfwort von Andreas Bartsch, Sparkasse\" data-description=\"Herr Andreas Bartsch, Gesch\u00e4ftsf\u00fchrer der Sparkasse Marburg-Biedenkopf, erkl\u00e4rte, dass sein Institut das Kleinseelheim Klimaschutz-Projekt gerne begleitet. Dies sei nicht nur Gesch\u00e4ft sondern auch Herzensangelegenheit im Sinne seiner eigenen Kinder und zuk\u00fcnftiger Generationen.\" \/><\/a><\/div>\n<div class=\"amazingcarousel-title\">Gru\u00dfwort von Andreas Bartsch, Sparkasse<\/div>\n<div class=\"amazingcarousel-description\">Herr Andreas Bartsch, Gesch\u00e4ftsf\u00fchrer der Sparkasse Marburg-Biedenkopf, erkl\u00e4rte, dass sein Institut das Kleinseelheim Klimaschutz-Projekt gerne begleitet. Dies sei nicht nur Gesch\u00e4ft sondern auch Herzensangelegenheit im Sinne seiner eigenen Kinder und zuk\u00fcnftiger Generationen.<\/div><\/div><\/li><li class=\"amazingcarousel-item\"><div class=\"amazingcarousel-item-container\"><div class=\"amazingcarousel-image\"><a href=\"http:\/\/bioenergie-kleinseelheim.de\/wp-content\/uploads\/2017\/06\/2017-06-25_Spatenstich_4.jpg\" title=\"Ortsvorsteher Prof. Dr. Rainer Waldhardt\" data-description=\"verglich das Projekt mit einem Kind, das bereits als Embryo eine schwere Zeit gehabt habe und sicher auch keine unbeschwerte Kindheit haben w\u00fcrde. Millionen von Kindern ginge es jedoch nicht anders, und die Kinder der n\u00e4chsten Generationen w\u00fcrden es noch viele schwerer haben, wenn wir nicht sehr schnell und mit voller Entschlossenheit unsere Arbeit zum Klimaschutz intensivierten. Wir m\u00fcssten deutlich mehr handeln \u2013 besonders auch bei der W\u00e4rmeversorgung von Geb\u00e4uden im l\u00e4ndlichen Raum - und wir m\u00fcssten noch mehr dar\u00fcber reden, wie wichtig dieses Handeln sei.\" data-thumbnail=\"http:\/\/bioenergie-kleinseelheim.de\/wp-content\/uploads\/2017\/06\/2017-06-25_Spatenstich_4-300x200.jpg\" class=\"wondercarousellightbox wondercarousellightbox-7\" data-group=\"wondercarousellightbox-7\"><img decoding=\"async\" src=\"http:\/\/bioenergie-kleinseelheim.de\/wp-content\/uploads\/2017\/06\/2017-06-25_Spatenstich_4.jpg\" alt=\"Ortsvorsteher Prof. Dr. Rainer Waldhardt\" data-description=\"verglich das Projekt mit einem Kind, das bereits als Embryo eine schwere Zeit gehabt habe und sicher auch keine unbeschwerte Kindheit haben w\u00fcrde. Millionen von Kindern ginge es jedoch nicht anders, und die Kinder der n\u00e4chsten Generationen w\u00fcrden es noch viele schwerer haben, wenn wir nicht sehr schnell und mit voller Entschlossenheit unsere Arbeit zum Klimaschutz intensivierten. Wir m\u00fcssten deutlich mehr handeln \u2013 besonders auch bei der W\u00e4rmeversorgung von Geb\u00e4uden im l\u00e4ndlichen Raum - und wir m\u00fcssten noch mehr dar\u00fcber reden, wie wichtig dieses Handeln sei.\" \/><\/a><\/div>\n<div class=\"amazingcarousel-title\">Ortsvorsteher Prof. Dr. Rainer Waldhardt<\/div>\n<div class=\"amazingcarousel-description\">verglich das Projekt mit einem Kind, das bereits als Embryo eine schwere Zeit gehabt habe und sicher auch keine unbeschwerte Kindheit haben w\u00fcrde. Millionen von Kindern ginge es jedoch nicht anders, und die Kinder der n\u00e4chsten Generationen w\u00fcrden es noch viele schwerer haben, wenn wir nicht sehr schnell und mit voller Entschlossenheit unsere Arbeit zum Klimaschutz intensivierten. Wir m\u00fcssten deutlich mehr handeln \u2013 besonders auch bei der W\u00e4rmeversorgung von Geb\u00e4uden im l\u00e4ndlichen Raum - und wir m\u00fcssten noch mehr dar\u00fcber reden, wie wichtig dieses Handeln sei.<\/div><\/div><\/li><li class=\"amazingcarousel-item\"><div class=\"amazingcarousel-item-container\"><div class=\"amazingcarousel-image\"><a href=\"http:\/\/bioenergie-kleinseelheim.de\/wp-content\/uploads\/2019\/08\/Gru\u00dfwort-von-Siegmund-Laufer-EAMP.jpg\" title=\"Gru\u00dfwort von Siegmund Laufer, EAMP\" data-description=\"Herr Siegmund Laufer, Gesch\u00e4ftsf\u00fchrer der EAM EnergiePlus, der Betreiberin der Kleinseelheimer Heizzentrale, betonte die gute und vertrauensvolle Zusammenarbeit zwischen der Bioenergiegenossenschaft und der EAM und freute sich auf die Fortf\u00fchrung der Kooperation in den kommenden Jahren mit wachsenden Anschlusszahlen, besonders angesichts der zu erwartenden Einf\u00fchrung der CO2 Steuer.\" data-thumbnail=\"http:\/\/bioenergie-kleinseelheim.de\/wp-content\/uploads\/2019\/08\/Gru\u00dfwort-von-Siegmund-Laufer-EAMP-300x146.jpg\" class=\"wondercarousellightbox wondercarousellightbox-7\" data-group=\"wondercarousellightbox-7\"><img decoding=\"async\" src=\"http:\/\/bioenergie-kleinseelheim.de\/wp-content\/uploads\/2019\/08\/Gru\u00dfwort-von-Siegmund-Laufer-EAMP.jpg\" alt=\"Gru\u00dfwort von Siegmund Laufer, EAMP\" data-description=\"Herr Siegmund Laufer, Gesch\u00e4ftsf\u00fchrer der EAM EnergiePlus, der Betreiberin der Kleinseelheimer Heizzentrale, betonte die gute und vertrauensvolle Zusammenarbeit zwischen der Bioenergiegenossenschaft und der EAM und freute sich auf die Fortf\u00fchrung der Kooperation in den kommenden Jahren mit wachsenden Anschlusszahlen, besonders angesichts der zu erwartenden Einf\u00fchrung der CO2 Steuer.\" \/><\/a><\/div>\n<div class=\"amazingcarousel-title\">Gru\u00dfwort von Siegmund Laufer, EAMP<\/div>\n<div class=\"amazingcarousel-description\">Herr Siegmund Laufer, Gesch\u00e4ftsf\u00fchrer der EAM EnergiePlus, der Betreiberin der Kleinseelheimer Heizzentrale, betonte die gute und vertrauensvolle Zusammenarbeit zwischen der Bioenergiegenossenschaft und der EAM und freute sich auf die Fortf\u00fchrung der Kooperation in den kommenden Jahren mit wachsenden Anschlusszahlen, besonders angesichts der zu erwartenden Einf\u00fchrung der CO2 Steuer.<\/div><\/div><\/li><li class=\"amazingcarousel-item\"><div class=\"amazingcarousel-item-container\"><div class=\"amazingcarousel-image\"><a href=\"http:\/\/bioenergie-kleinseelheim.de\/wp-content\/uploads\/2019\/08\/es-geht-um-unsere-Zukunft.jpg\" title=\"Es geht um unsere Zukunft\" data-description=\"Das Dorf Kleinseelheim ist nun mit einer CO2 neutralen W\u00e4rmeversorgung und einem Mikrorohrnetz f\u00fcr die Internet-Glasfaserversorgung jedes Hauses gut f\u00fcr die Zukunft aufgestellt. \nDies wird auch weitere Mitb\u00fcrger \u00fcberzeugen, so Ulrike Simon. Sie zitierte den konservativen italienischen Schriftsteller Tamasi die Lampedusa, der sagte:\n\u201eWenn wir wollen, dass alles so bleibt, wie es ist, m\u00fcssen wir zulassen, dass sich alles ver\u00e4ndert.\u201c\" data-thumbnail=\"http:\/\/bioenergie-kleinseelheim.de\/wp-content\/uploads\/2019\/08\/es-geht-um-unsere-Zukunft-300x146.jpg\" class=\"wondercarousellightbox wondercarousellightbox-7\" data-group=\"wondercarousellightbox-7\"><img decoding=\"async\" src=\"http:\/\/bioenergie-kleinseelheim.de\/wp-content\/uploads\/2019\/08\/es-geht-um-unsere-Zukunft.jpg\" alt=\"Es geht um unsere Zukunft\" data-description=\"Das Dorf Kleinseelheim ist nun mit einer CO2 neutralen W\u00e4rmeversorgung und einem Mikrorohrnetz f\u00fcr die Internet-Glasfaserversorgung jedes Hauses gut f\u00fcr die Zukunft aufgestellt. \nDies wird auch weitere Mitb\u00fcrger \u00fcberzeugen, so Ulrike Simon. Sie zitierte den konservativen italienischen Schriftsteller Tamasi die Lampedusa, der sagte:\n\u201eWenn wir wollen, dass alles so bleibt, wie es ist, m\u00fcssen wir zulassen, dass sich alles ver\u00e4ndert.\u201c\" \/><\/a><\/div>\n<div class=\"amazingcarousel-title\">Es geht um unsere Zukunft<\/div>\n<div class=\"amazingcarousel-description\">Das Dorf Kleinseelheim ist nun mit einer CO2 neutralen W\u00e4rmeversorgung und einem Mikrorohrnetz f\u00fcr die Internet-Glasfaserversorgung jedes Hauses gut f\u00fcr die Zukunft aufgestellt. \nDies wird auch weitere Mitb\u00fcrger \u00fcberzeugen, so Ulrike Simon. Sie zitierte den konservativen italienischen Schriftsteller Tamasi die Lampedusa, der sagte:\n\u201eWenn wir wollen, dass alles so bleibt, wie es ist, m\u00fcssen wir zulassen, dass sich alles ver\u00e4ndert.\u201c<\/div><\/div><\/li><li class=\"amazingcarousel-item\"><div class=\"amazingcarousel-item-container\"><div class=\"amazingcarousel-image\"><a href=\"http:\/\/bioenergie-kleinseelheim.de\/wp-content\/uploads\/2019\/08\/gute-Gespr\u00e4che.jpg\" title=\"Gute Gespr\u00e4che\" data-description=\"Die modernste Heizanlage in Kirchhain, durch die Herr Sonntag von der EAMP und Ingenieur Jagst f\u00fchrten, beeindruckte die Besucher.\" data-thumbnail=\"http:\/\/bioenergie-kleinseelheim.de\/wp-content\/uploads\/2019\/08\/gute-Gespr\u00e4che-300x146.jpg\" class=\"wondercarousellightbox wondercarousellightbox-7\" data-group=\"wondercarousellightbox-7\"><img decoding=\"async\" src=\"http:\/\/bioenergie-kleinseelheim.de\/wp-content\/uploads\/2019\/08\/gute-Gespr\u00e4che.jpg\" alt=\"Gute Gespr\u00e4che\" data-description=\"Die modernste Heizanlage in Kirchhain, durch die Herr Sonntag von der EAMP und Ingenieur Jagst f\u00fchrten, beeindruckte die Besucher.\" \/><\/a><\/div>\n<div class=\"amazingcarousel-title\">Gute Gespr\u00e4che<\/div>\n<div class=\"amazingcarousel-description\">Die modernste Heizanlage in Kirchhain, durch die Herr Sonntag von der EAMP und Ingenieur Jagst f\u00fchrten, beeindruckte die Besucher.<\/div><\/div><\/li><li class=\"amazingcarousel-item\"><div class=\"amazingcarousel-item-container\"><div class=\"amazingcarousel-image\"><a href=\"http:\/\/bioenergie-kleinseelheim.de\/wp-content\/uploads\/2019\/08\/freiwillige-Helfer.jpg\" title=\"Freiwillige Helfer\" data-description=\"Viele freiwillige Helfer aus der Bioenergiegenossenschaft und der freiwilligen Feuerwehr sorgten f\u00fcr die Festorganisation und die gute Verpflegung der G\u00e4ste. So bewahrheitete sich wieder das Genossenschaftsmotto: \u201eWas dem Einzelnen nicht m\u00f6glich ist, das verm\u00f6gen viele.\u201c\" data-thumbnail=\"http:\/\/bioenergie-kleinseelheim.de\/wp-content\/uploads\/2019\/08\/freiwillige-Helfer-300x146.jpg\" class=\"wondercarousellightbox wondercarousellightbox-7\" data-group=\"wondercarousellightbox-7\"><img decoding=\"async\" src=\"http:\/\/bioenergie-kleinseelheim.de\/wp-content\/uploads\/2019\/08\/freiwillige-Helfer.jpg\" alt=\"Freiwillige Helfer\" data-description=\"Viele freiwillige Helfer aus der Bioenergiegenossenschaft und der freiwilligen Feuerwehr sorgten f\u00fcr die Festorganisation und die gute Verpflegung der G\u00e4ste. So bewahrheitete sich wieder das Genossenschaftsmotto: \u201eWas dem Einzelnen nicht m\u00f6glich ist, das verm\u00f6gen viele.\u201c\" \/><\/a><\/div>\n<div class=\"amazingcarousel-title\">Freiwillige Helfer<\/div>\n<div class=\"amazingcarousel-description\">Viele freiwillige Helfer aus der Bioenergiegenossenschaft und der freiwilligen Feuerwehr sorgten f\u00fcr die Festorganisation und die gute Verpflegung der G\u00e4ste. So bewahrheitete sich wieder das Genossenschaftsmotto: \u201eWas dem Einzelnen nicht m\u00f6glich ist, das verm\u00f6gen viele.\u201c<\/div><\/div><\/li><\/ul><div class=\"amazingcarousel-prev\"><\/div><div class=\"amazingcarousel-next\"><\/div><\/div><div class=\"amazingcarousel-nav\"><\/div><div class=\"wonderplugin-engine\"><a href=\"http:\/\/www.wonderplugin.com\/wordpress-carousel\/\" title=\"WordPress Carousel Plugin\">WordPress Carousel Plugin<\/a><\/div><\/div>\n<p>&nbsp;<\/p>\n","protected":false},"excerpt":{"rendered":"<p>Am 9. August 2019 wurde gefeiert. Hier einige Eindr\u00fccke: Siehe auch hier &nbsp;<\/p>\n","protected":false},"author":3,"featured_media":0,"parent":0,"menu_order":0,"comment_status":"closed","ping_status":"closed","template":"","meta":{"footnotes":""},"class_list":["post-1775","page","type-page","status-publish","hentry"],"_links":{"self":[{"href":"https:\/\/bioenergie-kleinseelheim.de\/index.php\/wp-json\/wp\/v2\/pages\/1775","targetHints":{"allow":["GET"]}}],"collection":[{"href":"https:\/\/bioenergie-kleinseelheim.de\/index.php\/wp-json\/wp\/v2\/pages"}],"about":[{"href":"https:\/\/bioenergie-kleinseelheim.de\/index.php\/wp-json\/wp\/v2\/types\/page"}],"author":[{"embeddable":true,"href":"https:\/\/bioenergie-kleinseelheim.de\/index.php\/wp-json\/wp\/v2\/users\/3"}],"replies":[{"embeddable":true,"href":"https:\/\/bioenergie-kleinseelheim.de\/index.php\/wp-json\/wp\/v2\/comments?post=1775"}],"version-history":[{"count":2,"href":"https:\/\/bioenergie-kleinseelheim.de\/index.php\/wp-json\/wp\/v2\/pages\/1775\/revisions"}],"predecessor-version":[{"id":1785,"href":"https:\/\/bioenergie-kleinseelheim.de\/index.php\/wp-json\/wp\/v2\/pages\/1775\/revisions\/1785"}],"wp:attachment":[{"href":"https:\/\/bioenergie-kleinseelheim.de\/index.php\/wp-json\/wp\/v2\/media?parent=1775"}],"curies":[{"name":"wp","href":"https:\/\/api.w.org\/{rel}","templated":true}]}}