{"id":50,"date":"2015-09-09T18:21:02","date_gmt":"2015-09-09T18:21:02","guid":{"rendered":"http:\/\/alibis.in-berlin.de:8181\/?page_id=50"},"modified":"2020-12-18T10:31:50","modified_gmt":"2020-12-18T10:31:50","slug":"netz","status":"publish","type":"page","link":"https:\/\/bioenergie-kleinseelheim.de\/index.php\/netz\/","title":{"rendered":"Netz"},"content":{"rendered":"<div id=\"cc-m-10635614625\" class=\"n j-text \">\n<div id=\"cc-m-10635722025\" class=\"n j-header \">\n<p><a href=\"http:\/\/bioenergie-kleinseelheim.de\/index.php\/hausanschlusse\/\">weiter zu Hausanschl\u00fcsse<\/a><\/p>\n<p>Das <strong>Nahw\u00e4rmenetz Kleinseelheim wurde am 22.10.2018<\/strong> in <strong>T<\/strong>eil-Betrieb genommen. Der Bau wurde Mitte 2019 abgeschlossen. Die Netzerweiterung ist ebenso m\u00f6glich und willkommen, wie der Anschluss weiterer H\u00e4user an der Trasse.<\/p>\n<p><strong>Netzplan:<\/strong> <a href=\"http:\/\/bioenergie-kleinseelheim.de\/wp-content\/uploads\/2018\/10\/2018-04-11_24-1.\u00dcplan_aktuell-nur-HL.pdf\">2018-04-11_24-1.\u00dcplan_aktuell nur HL<\/a><\/p>\n<div class=\"n j-header \"><\/div>\n<p><strong>Am Bau beteiligte Firmen:<\/strong> <a href=\"https:\/\/www.eam.de\/\">EAM P<\/a> (Planung und Bauleitung), <a href=\"http:\/\/www.hgringel.de\/\">Gringel<\/a> (Tiefbau), <a href=\"http:\/\/helmar-tg.de\/\">Helmar<\/a> (Rohrbau), <a href=\"http:\/\/keim-netztechnik.de\/\">Keim Netztechnik<\/a> (Glasfasernetz), <a href=\"https:\/\/www.kring-waerme.de\/\" target=\"_blank\" rel=\"noopener\">Kring<\/a> (Haus\u00fcbergabestationen.<\/p>\n<p><strong>Netzl\u00e4nge:<\/strong> ca. 4 km<\/p>\n<p><strong>Investitionsvolumen:<\/strong> ca. 2 Millionen \u20ac<\/p>\n<p><strong>F\u00f6rderung:<\/strong> KfW und EKM<\/p>\n<\/div>\n<h3>\u00a0<a href=\"http:\/\/bioenergie-kleinseelheim.de\/wp-content\/uploads\/2015\/09\/Nahw\u00e4rme_und_Glasfaser.jpg\"><img loading=\"lazy\" decoding=\"async\" class=\"alignnone size-medium wp-image-1283\" src=\"http:\/\/bioenergie-kleinseelheim.de\/wp-content\/uploads\/2015\/09\/Nahw\u00e4rme_und_Glasfaser-225x300.jpg\" alt=\"\" width=\"225\" height=\"300\" srcset=\"https:\/\/bioenergie-kleinseelheim.de\/wp-content\/uploads\/2015\/09\/Nahw\u00e4rme_und_Glasfaser-225x300.jpg 225w, https:\/\/bioenergie-kleinseelheim.de\/wp-content\/uploads\/2015\/09\/Nahw\u00e4rme_und_Glasfaser.jpg 450w\" sizes=\"auto, (max-width: 225px) 100vw, 225px\" \/><\/a><a href=\"http:\/\/bioenergie-kleinseelheim.de\/wp-content\/uploads\/2015\/09\/Rohre.jpg\"><img loading=\"lazy\" decoding=\"async\" class=\"size-medium wp-image-1284 alignright\" src=\"http:\/\/bioenergie-kleinseelheim.de\/wp-content\/uploads\/2015\/09\/Rohre-300x199.jpg\" alt=\"\" width=\"300\" height=\"199\" srcset=\"https:\/\/bioenergie-kleinseelheim.de\/wp-content\/uploads\/2015\/09\/Rohre-300x199.jpg 300w, https:\/\/bioenergie-kleinseelheim.de\/wp-content\/uploads\/2015\/09\/Rohre-768x509.jpg 768w, https:\/\/bioenergie-kleinseelheim.de\/wp-content\/uploads\/2015\/09\/Rohre.jpg 800w\" sizes=\"auto, (max-width: 300px) 100vw, 300px\" \/><\/a><\/h3>\n<\/div>\n<p>&nbsp;<\/p>\n","protected":false},"excerpt":{"rendered":"<p>weiter zu Hausanschl\u00fcsse Das Nahw\u00e4rmenetz Kleinseelheim wurde am 22.10.2018 in Teil-Betrieb genommen. Der Bau wurde Mitte 2019 abgeschlossen. Die Netzerweiterung ist ebenso m\u00f6glich und willkommen, wie der Anschluss weiterer H\u00e4user an der Trasse. Netzplan: 2018-04-11_24-1.\u00dcplan_aktuell nur HL Am Bau beteiligte Firmen: EAM P (Planung und Bauleitung), Gringel (Tiefbau), Helmar (Rohrbau), Keim Netztechnik (Glasfasernetz), Kring (Haus\u00fcbergabestationen. [&hellip;]<\/p>\n","protected":false},"author":2,"featured_media":0,"parent":0,"menu_order":0,"comment_status":"closed","ping_status":"closed","template":"","meta":{"footnotes":""},"class_list":["post-50","page","type-page","status-publish","hentry"],"_links":{"self":[{"href":"https:\/\/bioenergie-kleinseelheim.de\/index.php\/wp-json\/wp\/v2\/pages\/50","targetHints":{"allow":["GET"]}}],"collection":[{"href":"https:\/\/bioenergie-kleinseelheim.de\/index.php\/wp-json\/wp\/v2\/pages"}],"about":[{"href":"https:\/\/bioenergie-kleinseelheim.de\/index.php\/wp-json\/wp\/v2\/types\/page"}],"author":[{"embeddable":true,"href":"https:\/\/bioenergie-kleinseelheim.de\/index.php\/wp-json\/wp\/v2\/users\/2"}],"replies":[{"embeddable":true,"href":"https:\/\/bioenergie-kleinseelheim.de\/index.php\/wp-json\/wp\/v2\/comments?post=50"}],"version-history":[{"count":31,"href":"https:\/\/bioenergie-kleinseelheim.de\/index.php\/wp-json\/wp\/v2\/pages\/50\/revisions"}],"predecessor-version":[{"id":1921,"href":"https:\/\/bioenergie-kleinseelheim.de\/index.php\/wp-json\/wp\/v2\/pages\/50\/revisions\/1921"}],"wp:attachment":[{"href":"https:\/\/bioenergie-kleinseelheim.de\/index.php\/wp-json\/wp\/v2\/media?parent=50"}],"curies":[{"name":"wp","href":"https:\/\/api.w.org\/{rel}","templated":true}]}}

<div id="cc-m-10635614625" class="n j-text ">
<div id="cc-m-10635722025" class="n j-header ">
<p><a href="http://bioenergie-kleinseelheim.de/index.php/hausanschlusse/">weiter zu Hausanschlüsse</a></p>
<p>Das <strong>Nahwärmenetz Kleinseelheim wurde am 22.10.2018</strong> in <strong>T</strong>eil-Betrieb genommen. Der Bau wurde Mitte 2019 abgeschlossen. Die Netzerweiterung ist ebenso möglich und willkommen, wie der Anschluss weiterer Häuser an der Trasse.</p>
<p><strong>Netzplan:</strong> <a href="http://bioenergie-kleinseelheim.de/wp-content/uploads/2018/10/2018-04-11_24-1.Üplan_aktuell-nur-HL.pdf">2018-04-11_24-1.Üplan_aktuell nur HL</a></p>
<div class="n j-header "></div>
<p><strong>Am Bau beteiligte Firmen:</strong> <a href="https://www.eam.de/">EAM P</a> (Planung und Bauleitung), <a href="http://www.hgringel.de/">Gringel</a> (Tiefbau), <a href="http://helmar-tg.de/">Helmar</a> (Rohrbau), <a href="http://keim-netztechnik.de/">Keim Netztechnik</a> (Glasfasernetz), <a href="https://www.kring-waerme.de/" target="_blank" rel="noopener">Kring</a> (Hausübergabestationen.</p>
<p><strong>Netzlänge:</strong> ca. 4 km</p>
<p><strong>Investitionsvolumen:</strong> ca. 2 Millionen €</p>
<p><strong>Förderung:</strong> KfW und EKM</p>
</div>
<h3> <a href="http://bioenergie-kleinseelheim.de/wp-content/uploads/2015/09/Nahwärme_und_Glasfaser.jpg"><img loading="lazy" decoding="async" class="alignnone size-medium wp-image-1283" src="http://bioenergie-kleinseelheim.de/wp-content/uploads/2015/09/Nahwärme_und_Glasfaser-225x300.jpg" alt="" width="225" height="300" srcset="https://bioenergie-kleinseelheim.de/wp-content/uploads/2015/09/Nahwärme_und_Glasfaser-225x300.jpg 225w, https://bioenergie-kleinseelheim.de/wp-content/uploads/2015/09/Nahwärme_und_Glasfaser.jpg 450w" sizes="auto, (max-width: 225px) 100vw, 225px" /></a><a href="http://bioenergie-kleinseelheim.de/wp-content/uploads/2015/09/Rohre.jpg"><img loading="lazy" decoding="async" class="size-medium wp-image-1284 alignright" src="http://bioenergie-kleinseelheim.de/wp-content/uploads/2015/09/Rohre-300x199.jpg" alt="" width="300" height="199" srcset="https://bioenergie-kleinseelheim.de/wp-content/uploads/2015/09/Rohre-300x199.jpg 300w, https://bioenergie-kleinseelheim.de/wp-content/uploads/2015/09/Rohre-768x509.jpg 768w, https://bioenergie-kleinseelheim.de/wp-content/uploads/2015/09/Rohre.jpg 800w" sizes="auto, (max-width: 300px) 100vw, 300px" /></a></h3>
</div>
<p>&nbsp;</p>

<p>weiter zu Hausanschlüsse Das Nahwärmenetz Kleinseelheim wurde am 22.10.2018 in Teil-Betrieb genommen. Der Bau wurde Mitte 2019 abgeschlossen. Die Netzerweiterung ist ebenso möglich und willkommen, wie der Anschluss weiterer Häuser an der Trasse. Netzplan: 2018-04-11_24-1.Üplan_aktuell nur HL Am Bau beteiligte Firmen: EAM P (Planung und Bauleitung), Gringel (Tiefbau), Helmar (Rohrbau), Keim Netztechnik (Glasfasernetz), Kring (Hausübergabestationen. [&hellip;]</p>
